of 234?
True
Is 4380 a multiple of 6?
True
Does 6 divide 864?
True
Is 2641 a multiple of 2?
False
Does 40 divide 11440?
True
Is 1063 a multiple of 17?
False
Does 18 divide 1800?
True
Does 9 divide 18743?
False
Is 22 a factor of 6336?
True
Is 24 a factor of 3984?
True
Is 65 a factor of 4550?
True
Is 17 a factor of 1021?
False
Is 199 a factor of 23571?
False
Is 100 a factor of 2673?
False
Is 9 a factor of 120?
False
Does 45 divide 1080?
True
Is 6425 a multiple of 25?
True
Does 6 divide 15420?
True
Is 8 a factor of 684?
False
Does 27 divide 11178?
True
Is 10 a factor of 100?
True
Does 9 divide 74359?
False
Is 86 a factor of 4009?
False
Is 270 a factor of 11880?
True
Is 2231 a multiple of 17?
False
Is 2063 a multiple of 16?
False
Is 116 a factor of 19604?
True
Is 24551 a multiple of 9?
False
Is 3478 a multiple of 37?
True
Is 6 a factor of 354?
True
Is 124 a factor of 1743?
False
Is 84 a factor of 1214?
False
Is 49 a factor of 23275?
True
Is 216 a multiple of 3?
True
Is 64082 a multiple of 283?
False
Does 11 divide 19707?
False
Is 106 a factor of 2650?
True
Does 3 divide 285?
True
Is 1097 a multiple of 38?
False
Is 137 a multiple of 34?
False
Does 15 divide 1725?
True
Is 4482 a multiple of 27?
True
Is 3 a factor of 4485?
True
Is 8374 a multiple of 57?
False
Does 97 divide 1358?
True
Is 17 a factor of 4997?
False
Is 9 a factor of 751?
False
Is 2277 a multiple of 33?
True
Is 119 a factor of 6360?
False
Is 1188 a multiple of 9?
True
Is 4 a factor of 56?
True
Does 17 divide 1122?
True
Is 65 a multiple of 3?
False
Does 106 divide 9116?
True
Is 243 a factor of 62937?
True
Is 22 a factor of 1212?
False
Is 379 a multiple of 43?
False
Is 2928 a multiple of 61?
True
Does 20 divide 100?
True
Is 9 a factor of 16524?
True
Does 6 divide 4149?
False
Is 221 a factor of 42671?
False
Is 3565 a multiple of 31?
True
Is 4 a factor of 420?
True
Is 8 a factor of 1600?
True
Does 3 divide 510?
True
Does 178 divide 12398?
False
Is 2 a factor of 130?
True
Does 31 divide 9190?
False
Is 3053 a multiple of 29?
False
Is 188 a factor of 28576?
True
Is 1461 a multiple of 14?
False
Is 748 a multiple of 32?
False
Does 295 divide 12390?
True
Is 344 a factor of 100797?
False
Is 146 a factor of 9490?
True
Is 8 a factor of 15248?
True
Is 104050 a multiple of 13?
False
Is 2484 a multiple of 54?
True
Is 36098 a multiple of 14?
False
Is 12651 a multiple of 12?
False
Is 2778 a multiple of 10?
False
Is 416 a multiple of 32?
True
Does 20 divide 14516?
False
Does 99 divide 684?
False
Is 282 a multiple of 10?
False
Is 12445 a multiple of 24?
False
Is 57 a factor of 6754?
False
Is 24 a factor of 5088?
True
Does 21 divide 2142?
True
Does 22 divide 116?
False
Is 1926 a multiple of 3?
True
Is 9 a factor of 202?
False
Does 90 divide 15431?
False
Is 19755 a multiple of 78?
False
Is 900 a multiple of 42?
False
Is 13111 a multiple of 19?
False
Does 58 divide 43152?
True
Is 55 a factor of 440?
True
Is 755 a multiple of 151?
True
Is 265 a multiple of 5?
True
Is 5 a factor of 95?
True
Is 257 a multiple of 6?
False
Does 7 divide 2786?
True
Is 3553 a multiple of 17?
True
Is 9 a factor of 9099?
True
Does 62 divide 33108?
True
Is 459 a multiple of 27?
True
Is 23625 a multiple of 21?
True
Does 5 divide 40320?
True
Is 66 a multiple of 33?
True
Is 29 a factor of 1044?
True
Does 3 divide 579?
True
Is 25380 a multiple of 123?
False
Is 1374 a multiple of 6?
True
Is 3064 a multiple of 16?
False
Does 24 divide 157176?
True
Does 68 divide 291?
False
Does 3 divide 2298?
True
Is 1380 a multiple of 115?
True
Is 27346 a multiple of 87?
False
Does 73 divide 7234?
False
Is 1694 a multiple of 22?
True
Does 14 divide 5958?
False
Does 29 divide 2958?
True
Is 986 a multiple of 7?
False
Is 13 a factor of 1375?
False
Is 1195 a multiple of 23?
False
Is 37723 a multiple of 9?
False
Does 11 divide 329?
False
Is 8 a factor of 4338?
False
Is 10464 a multiple of 5?
False
Does 8 divide 8641?
False
Is 79 a factor of 17151?
False
Is 75 a factor of 36609?
False
Does 16 divide 4478?
False
Is 27 a factor of 259?
False
Is 100 a factor of 3658?
False
Is 16 a factor of 41920?
True
Does 11 divide 1541?
False
Does 85 divide 1526?
False
Is 67 a factor of 2881?
True
Is 27 a factor of 233?
False
Is 16 a factor of 32?
True
Is 5 a factor of 132?
False
Is 29 a factor of 44776?
True
Does 43 divide 1626?
False
Does 22 divide 3300?
True
Is 39 a factor of 312?
True
Does 3 divide 114?
True
Is 216 a multiple of 7?
False
Is 5182 a multiple of 11?
False
Is 95 a factor of 35962?
False
Does 116 divide 8406?
False
Is 51561 a multiple of 94?
False
Is 245 a factor of 47446?
False
Is 13 a factor of 4693?
True
Does 5 divide 245?
True
Does 173 divide 88554?
False
Is 28489 a multiple of 91?
False
Does 43 divide 2634?
False
Is 8 a factor of 5502?
False
Is 56 a factor of 448?
True
Is 212 a factor of 8480?
True
Is 53 a factor of 1369?
False
Does 50 divide 300?
True
Does 36 divide 216?
True
Is 6405 a multiple of 35?
True
Is 4 a factor of 348?
True
Is 3012 a multiple of 23?
False
Does 3 divide 245?
False
Is 31 a factor of 9052?
True
Is 136 a multiple of 8?
True
Does 67 divide 5092?
True
Is 49712 a multiple of 28?
False
Does 44 divide 132?
True
Does 13 divide 515?
False
Is 13 a factor of 1317?
False
Does 8 divide 294?
False
Does 12 divide 369?
False
Does 121 divide 132253?
True
Does 321 divide 63237?
True
Is 5 a factor of 9782?
False
Is 1596 a multiple of 38?
True
Does 12 divide 17235?
False
Does 12 divide 11880?
True
Is 4455 a multiple of 45?
True
Does 3 divide 563?
False
Is 11 a factor of 55?
True
Does 18 divide 30248?
False
Is 38311 a multiple of 24?
False
Is 512 a multiple of 2?
True
Is 20 a factor of 1120?
True
Is 3007 a multiple of 31?
True
Is 12 a factor of 876?
True
Is 6292 a multiple of 27?
False
Is 37102 a multiple of 19?
False
Does 28 divide 1232?
True
Does 76 divide 1189?
False
Is 108 a factor of 30081?
False
Is 2558 a multiple of 85?
False
Does 19 divide 7790?
True
Is 1816 a multiple of 52?
False
Is 23 a factor of 1259?
False
Does 126 divide 7718?
False
Does 24 divide 286?
False
Does 240 divide 11760?
True
Is 1342 a multiple of 22?
True
Does 53 divide 11183?
True
Is 12 a factor of 610?
False
Is 1208 a multiple of 6?
False
Is 219 a multiple of 8?
False
Is 30 a factor of 14819?
False
Does 149 divide 20263?
False
Is 12609 a multiple of 55?
False
Is 225 a factor of 2700?
True
Is 35 a factor of 3850?
True
Is 37734 a multiple of 9?
False
Is 86 a factor of 26231?
False
Is 556 a multiple of 53?
False
Is 626 a multiple of 13?
False
Is 34 a factor of 4807?
False
Does 82 divide 460?
False
Is 1267 a multiple of 7?
True
Is 11 a factor of 3157?
True
Is 7 a factor of 13048?
True
Does 25 divide 1980?
False
Is 5 a factor of 81?
False
Is 17 a factor of 459?
True
Is 2988 a multiple of 4?
True
Is 1260 a multiple of 21?
True
Is 80 a factor of 760?
False
Does 5 divide 84?
False
Is 112 a factor of 2016?
True
Does 148 divide 2220?
True
Does 21 divide 399?
True
Is 359 a multiple of 7?
False
Is 71 a factor of 22010?
True
Is 1369 a multiple of 37?
True
Is 992 a multiple of 16?
True
Is 17 a factor of 45849?
True
Is 20 a factor of 1500?
True
Does 18 divide 5705?
False
Does 97 divide 7178?
True
Is 1021 a multiple of 24?
False
Is 3964 a multiple of 15?
False
Is 70 a factor of 140?
True
Is 5 a factor of 2133?
False
Does 4 divide 5537?
False
Does 74 divide 8066?
True
Does 5 divide 6473?
False
Is 3 a factor of 1791?
True
Is 56 a factor of 37837?
False
Does 4 divide 1936?
True
Is 7 a factor of 609?
True
Is 15 a factor of 243?
False
Is 17 a factor of 12767?
True
Is 43 a factor of 9180?
False
Does 15 divide 735?
True
Is 7860 a multiple of 6?
True
Is 3 a factor of 2818?
False
Does 6 divide 619?
False
Is 17 a factor of 440?
False
Does 89 divide 1271?
False
Is 33 a factor of 2876?
False
Does 17 divide 1629?
False
Is 31108 a multiple of 14?
True
Is 115 a factor of 42943?
False
Is 2230 a multiple of 49?
False
Does 212 divide 76532?
True
Is 5909 a multiple of 9?
False
Is 16 a factor of 192?
True
Is 364 a multiple of 7?
True
Is 33 a factor of 5082?
True
Does 71 divide 4662?
False
Does 108 divide 12204?
True
Is 2322 a multiple of 86?
True
Does 45 divide 405?
True
Does 158 divide 13610?
False
Is 3510 a multiple of 26?
True
Is 28418 a multiple of 13?
True
Does 14 divide 6259?
False
Is 3483 a multiple of